*c - 5 = 7*b. Let d(a) = a**3 + a**2 - a + 17. What is the tens digit of d(b)?
1
Let l(s) = -s**2 - 19*s + 9. Suppose -7*b - 164 = -45. What is the units digit of l(b)?
3
Let h(k) = 2*k + 7. Let a be h(-1). Let g = 3 + 1. Suppose -142 - 79 = -a*y - g*x, 20 = 5*x. What is the tens digit of y?
4
Let m = -1096 - -1792. What is the tens digit of m?
9
Let f = -4065 + 6436. What is the hundreds digit of f?
3
Let a(j) = 23*j**3 - 5*j**2 + 9*j - 12. What is the hundreds digit of a(2)?
1
Let o(n) = n**3 + n**2 - n. Let q(w) = 7*w**3 - w. Let b(a) = -6*o(a) + q(a). Suppose 0*p + 30 = 5*p. What is the tens digit of b(p)?
3
Suppose -38 - 3 = x. Let g = -8 - x. Let s = g - 13. What is the units digit of s?
0
Let y be ((-1)/3)/((7/(-1))/(-21)). What is the tens digit of y + -1 + (79 + 4 - -3)?
8
Suppose 11*m + 16 - 5 = 0. What is the tens digit of 29*(7 - 6) + 1/m?
2
Let g(p) = -3*p + 9. Let f be g(15). Let q = -2 - f. Suppose -2*d + 2*l = -q, 0 = -3*d + 5*l + 90 - 29. What is the tens digit of d?
1
Let d be (-5)/(-30) - (-89)/6. Suppose -2*y + d = 5*q, -3*q = 3*y - 0*y - 18. Suppose 5*l = 2*g + 207, l - 2*g - 40 + y = 0. What is the units digit of l?
3
Let i(o) = 17*o + 5. Let l(h) = -16*h - 5. Let j(k) = -5*i(k) - 6*l(k). Let t(c) = c + 1. Let p(d) = j(d) - 4*t(d). What is the tens digit of p(2)?
1
Suppose -4*g + 8 + 4 = 0. What is the units digit of (-1)/g + (-805)/(-21)?
8
Let h(i) = 19*i. Let r be h(3). Suppose -5*c = -373 - r. What is the tens digit of c?
8
Suppose 0 = 4*t + r - 94, r + 9 = 4*t - 81. Let v(p) = -p**3 + 24*p**2 - 18*p + 4. What is the units digit of v(t)?
9
Suppose 6*u = -17 + 5. Let j be 32 + (1 + u)*2. Suppose 5*d - 15 = -2*s, 0 = 3*s + 2*d + 2 - j. What is the tens digit of s?
1
What is the hundreds digit of (6989/(-58))/(1/(-2))?
2
Suppose -4*z + 0*z + 8 = 0. Let i be z/6 - (-1254)/18. Let n = -50 + i. What is the units digit of n?
0
Suppose 5*n = 3*n + 424. Let h = n + -146. What is the tens digit of h?
6
Suppose 45*u + 188 = 49*u. What is the units digit of u?
7
Let r be -1*(-1 + 1 + -19). Suppose -15*a = -0 + 90. Let t = r + a. What is the tens digit of t?
1
Suppose v = 5*i + 968 - 4883, 3*v + 1579 = 2*i. Let j = i - 544. What is the hundreds digit of j?
2
Suppose -4*f + 5 = -3. What is the units digit of (-2 + -33)/(1 - f)?
5
Suppose 2*q + q - 1253 = 5*a, -3*a = -q + 415. What is the tens digit of q?
2
Suppose -50*f = -55*f + 1335. What is the hundreds digit of f?
2
Let d = 1080 + 257. What is the hundreds digit of d?
3
Let r be 1*(3/5 + (-42)/70). Suppose 0 = -4*y + 5*b + 265, 2*y + y - b - 207 = r. What is the units digit of y?
0
Suppose -3*h + 138 = c, 3*c + c = h + 500. What is the tens digit of c?
2
Suppose j + 6 = 3. Let h be (3/j - 1)/(-1). Suppose -24 = -h*d + 66. What is the units digit of d?
5
Suppose -12*v = -13*v. Suppose v = -8*x + 5*x + 441. What is the units digit of x?
7
Suppose -2*v = -10, -4*m + 4*v + 26 = 6*v. Suppose -4*z = m*c - 680, 0*c - 328 = -2*c - 5*z. What is the hundreds digit of c?
1
Suppose 0 = -7*n + 299 + 1038. What is the units digit of n?
1
Let l = 254 - 1. What is the hundreds digit of l?
2
Let n(f) be the first derivative of -1/4*f**4 - 3 + 2*f**3 - 1/2*f**2 + 5*f. What is the tens digit of n(5)?
2
Let t(c) = -30 - 587*c**2 + 0*c + 586*c**2 - c**3 - 5*c. What is the units digit of t(-6)?
0
Suppose -3*v + 3 = 3*f - 2*v, 2*f = -4*v - 8. Suppose f*y - 3*x + 7 = -1, 5*x - 8 = -2*y. What is the units digit of ((-12)/4)/(y/2)?
6
Let f(t) = 2*t**3 + t**2 - 1. Let i be f(1). Suppose 17 + 16 = 3*z - 3*l, 68 = 4*z + i*l. What is the units digit of z?
5
Let s be (-8)/(-4) + (0 - 0). Let r(q) = 32*q**2 + 4 - q + 40*q**s - 68*q**2. What is the tens digit of r(-3)?
4
Suppose -10 = -0*j - 2*j. Let y = -3 - -8. Suppose j*u + 0*u + 40 = y*h, 2*h + 4*u = -8. What is the units digit of h?
4
Let w(l) = -l**2 - l. Let o(y) = -7*y**2 + 3*y - 10. Let d(c) = o(c) - 6*w(c). Suppose -2*q - 2*n = q - 20, 4 = q - 2*n. What is the units digit of d(q)?
8
What is the units digit of (5 - -3*497) + -2?
4
Let c(k) = -k + 1. Suppose 2*u + u = -15. Let l be c(u). Let g(s) = -s**2 + 10*s - 19. What is the units digit of g(l)?
5
Suppose -16*l + 6652 = -4276. What is the units digit of l?
3
Let h(w) = 2*w**2 - 4*w + 2. Let q be h(2). Let d be -1*(8 - 2) - q. Let l = 18 - d. What is the units digit of l?
6
Let b = 0 - -2. Suppose 3*l - 2*s = s + 3, 7 = 3*l - b*s. Suppose -l*m + 40 = 5*p, -3*p + 32 = p - 5*m. What is the units digit of p?
8
Suppose 22*l - 18355 = -2031. What is the hundreds digit of l?
7
Suppose -4*a + 4 = -8. Let k be (-7)/(42/(-4))*a. Suppose -6*c + 64 = -k*c. What is the tens digit of c?
1
Let j be (-273)/(-13)*(-1)/(-3). Let w(q) = -7*q + 3*q + 4 + 0*q + j. What is the units digit of w(-6)?
5
Let h(m) = 2*m - 6*m - 7 + 2 + m. What is the units digit of h(-5)?
0
Suppose 53*v - 38592 - 213900 = 0. What is the tens digit of v?
6
Let h(x) = 15 - 5 + 0*x + x. Let n be h(-5). Suppose l + 0*l - n = 0. What is the units digit of l?
5
Let k(j) = 2*j**2 - 9*j - 46. What is the thousands digit of k(-21)?
1
What is the tens digit of ((-2317)/3)/(-1 + (-60)/(-72))?
3
Suppose -1138 = -7*s + 3811. What is the units digit of s?
7
Let q be 3*(-1 - 4/(-2)). Let u be 2/((-21)/9 + q). Suppose u*w + 2 = -4, 5*w = -3*n - 7. What is the units digit of n?
1
Let p = 7 + 272. What is the hundreds digit of p?
2
Let g(r) = 36*r + 4. Let s be g(-3). Let j(o) = -6*o**3 - 3*o**2 - 3*o + 2. Let k be j(-3). Let l = s + k. What is the tens digit of l?
4
Suppose 3*l + 10 = -2*l. What is the tens digit of 9/l*(-264)/18?
6
Let w = 1 + -3. Let b be w/(-4)*(-33 + 15). Let t = 19 + b. What is the tens digit of t?
1
Let z(i) = -i**2 - 57*i + 6. What is the tens digit of z(-11)?
1
Suppose 2*i + 0*i = 8. Suppose -i*w - w + 60 = 0. Suppose f = w + 3. What is the tens digit of f?
1
Let a = -5 + 9. Suppose 2*y - 2*f = 296, -30 - 555 = -a*y - 3*f. What is the units digit of y?
7
Suppose -9 = 2*g + g. Let a(d) = -3*d**3 - d**2 + 2*d + 3. Let l be a(g). Suppose -4*b + l = -b. What is the tens digit of b?
2
What is the thousands digit of 104/(-156) + (-4304)/(-3)?
1
Let s be 3 - 2/4*(-1 - -1). What is the units digit of (21/(-14))/(s/(-2))?
1
Suppose -h - 15 = -4*t - 2, 2*h + 4 = -3*t. Suppose -4*o = -t*o - 2*z - 118, -3*z - 303 = -5*o. What is the units digit of o?
3
Suppose 2*w - 10 = 0, 24 = 3*v + w + 124. What is the units digit of 2752/28 + 10/v?
8
Suppose -12*h + 1032 = -4*h. What is the units digit of h?
9
Suppose -7*g + 3 = -11. Suppose -s + 492 = g*b + s, -3*s - 708 = -3*b. What is the hundreds digit of b?
2
Let b be -7 + -2 - (-3 + 0). What is the tens digit of ((-8)/5)/(b/255)?
6
Suppose -17*v + 14*v = z - 1304, 5*z + 3*v - 6580 = 0. What is the units digit of z?
9
Let q(u) = -3*u + 31. Let d be q(9). Suppose -d*b + 440 = 4*a, -2*b = -3*a - 3*b + 326. What is the hundreds digit of a?
1
What is the tens digit of 10 - 13 - (-513 - 2)?
1
Suppose -a - 4*a = f - 2784, -2*a + 1096 = -4*f. What is the tens digit of a?
5
Let q(s) = -2*s - s - 2 + 8*s - 10. What is the tens digit of q(8)?
2
What is the hundreds digit of ((-2379)/2)/(100/(-200))?
3
Let r be 3*2/(-6 - 0). Let u be 78/24*(r - -5). Let p = u + -7. What is the units digit of p?
6
Let r(p) = p**3 - 2*p**2 - 3*p + 6. Let u = -4 - -12. Suppose 3*w + 12 = 2*f, 4*f + w - 18 = -u. What is the units digit of r(f)?
6
Let s(a) = 14*a + 2*a**3 - 3*a**2 - a**3 - 5*a + 15*a**2 + 1. Let k be s(-11). Let p = k + -14. What is the units digit of p?
9
Suppose 119*y = 101*y + 18270. What is the tens digit of y?
1
Let k = -17 - -37. Suppose k = 3*w + 8. Suppose -26 - 6 = -w*a + 4*p, 0 = -5*p - 25. What is the units digit of a?
3
Let z(p) = p - 2. Let g be z(2). Suppose -r - 233 = -3*h, g = 2*h - 6*h - r + 313. What is the units digit of h?
8
Suppose 9*y - 14*y + 15 = 0. Let u(j) = -3*j**3 - 47*j**2 + 46*j**2 - y*j**3. What is the tens digit of u(-2)?
4
Let i(m) = -208*m + 26. What is the units digit of i(-1)?
4
Let t(c) = -6 - 2*c + 3*c - 4*c. Let x be 2 + (-4)/2 + -5. What is the units digit of t(x)?
9
Let n be (48/36)/(-3*4/(-18)). Suppose -3*b + 105 = 3*q, -n*b - q - 2*q = -72. What is the units digit of b?
3
Let t(k) = k**3 - 18*k**2 - 77*k + 23. What is the hundreds digit of t(22)?
2
Let z(l) = -86*l + 1. 